-2dc7e9
What is -44123 (base 16) in base 3?
-112011110122
What is 202412525 (base 7) in base 13?
25b5156
Convert -db125 (base 15) to base 12.
-2965b2
Convert b1f8b (base 16) to base 14.
14d935
Convert 5052045 (base 6) to base 10.
240221
What is -2031225 (base 6) in base 13?
-354c5
Convert 44104 (base 15) to base 12.
a5171
Convert -363134 (base 7) to base 3.
-10100102212
What is -2711179 (base 10) in base 3?
-12002202001001
Convert 556247 (base 8) to base 4.
231302213
45ab1 (base 15) to base 11
1416a9
Convert 10110001111101110000 (base 2) to base 12.
2b1a14
Convert -183e0e (base 16) to base 6.
-54015154
2a552 (base 11) to base 3
2012100000
Convert 20200112100 (base 3) to base 5.
13202412
What is 519b5 (base 12) in base 13?
39827
408722 (base 9) to base 11
15630a
Convert 1209684 (base 10) to base 7.
13165530
-2360133 (base 10) to base 16
-240345
Convert -243134432 (base 5) to base 8.
-4276602
Convert 3130323002 (base 4) to base 14.
197ab8
What is -17412743 (base 8) in base 16?
-3e15e3
What is b39f8 (base 16) in base 8?
2634770
2677 (base 9) to base 15
8e4
What is a66a9 (base 11) in base 3?
21212221200
What is 113133020 (base 4) in base 16?
177c8
What is -4226e9 (base 16) in base 9?
-8136861
f08b (base 16) to base 8
170213
-74a55 (base 11) to base 8
-325031
-1831317 (base 9) to base 3
-1221001100121
Convert -1000111010000101101 (base 2) to base 8.
-1072055
Convert 11033123133 (base 4) to base 14.
27a9b1
-252301 (base 9) to base 4
-211100131
What is 23213220232 (base 4) in base 12?
102a83a
6a8c9 (base 13) to base 12
94919
What is -15655c (base 13) in base 4?
-2000331022
21423343 (base 6) to base 14
129863
What is 1334260 (base 7) in base 4?
223022101
-412660 (base 7) to base 14
-1ba67
Convert -200001022011 (base 3) to base 15.
-703cd
372f24 (base 16) to base 12
1264ab0
What is 3016146 (base 8) in base 14?
169370
-22313033310 (base 4) to base 16
-2b73f4
Convert -53668 (base 10) to base 14.
-157b6
-611584 (base 9) to base 6
-11432121
-41870 (base 16) to base 4
-1001201300
What is a5875 (base 11) in base 15?
309e5
1663330 (base 8) to base 16
766d8
What is 1100111010100101010011 (base 2) in base 6?
200322243
What is 1120220112011 (base 3) in base 14?
17db00
Convert -103a662 (base 11) to base 9.
-3387645
11001011001100110 (base 2) to base 3
12021201021
What is -686d (base 15) in base 9?
-33344
-5b682 (base 12) to base 4
-132030002
What is 23402 (base 5) in base 2?
11010111111
What is -10211101202210 (base 3) in base 5?
-1010111300
Convert 77840 (base 13) to base 15.
44325
Convert 9191c2 (base 14) to base 6.
253035114
26674 (base 13) to base 12
353b1
What is 12231230200 (base 4) in base 6?
101420144
What is 10110000001010110 (base 2) in base 3?
11120201200
-1572627 (base 10) to base 11
-9845a1
2c208 (base 14) to base 8
327120
Convert -394419 (base 12) to base 13.
-26c1b1
What is -46c5dd (base 16) in base 2?
-10001101100010111011101
-52100434 (base 6) to base 2
-101101110011100000110
Convert -13550043 (base 10) to base 11.
-7715391
What is -11000111100001011101 (base 2) in base 11?
-509010
What is -30322102 (base 4) in base 8?
-147222
What is 16bbbe (base 15) in base 14?
209d0c
What is 202210313 (base 4) in base 12?
69b5b
-9a6750 (base 12) to base 2
-1001011000001010101100
Convert -1264206 (base 7) to base 10.
-167145
What is -2333075 (base 10) in base 14?
-44a363
169802 (base 12) to base 16
5f342
What is -554207 (base 8) in base 10?
-186503
-1152121 (base 6) to base 10
-61393
6240757 (base 8) to base 12
679abb
What is -416aa2 (base 14) in base 12?
-8a5b32
What is e619a (base 16) in base 3?
1202212212001
12130253 (base 7) to base 15
165d42
What is -490219 (base 12) in base 7?
-13022553
Convert -83a0 (base 12) to base 10.
-14376
Convert 203030311 (base 5) to base 8.
3125201
-241358 (base 11) to base 13
-1050b2
31121010 (base 4) to base 3
2210020120
-231372 (base 8) to base 14
-208d4
126a6 (base 13) to base 12
178a1
-11330333 (base 5) to base 4
-121222011
What is -10134b7 (base 13) in base 10?
-4862787
What is 17338 (base 11) in base 15?
7342
Convert 2200320022 (base 4) to base 15.
d03a4
-111112542 (base 6) to base 7
-23064212
-8005a3 (base 13) to base 14
-574bb4
What is -7615245 (base 9) in base 6?
-223315022
What is 126319 (base 15) in base 10?
881574
Convert 11354532 (base 6) to base 8.
1272130
Convert 49c841 (base 13) to base 3.
10022220222012
What is 366c26 (base 14) in base 3?
10111122022021
What is 419c7 (base 16) in base 2?
1000001100111000111
1653431 (base 7) to base 6
4544515
Convert -111000110000111110 (base 2) to base 8.
-706076
-2120210100 (base 3) to base 6
-1031313
4505311 (base 6) to base 15
47284
Convert 20242143 (base 6) to base 14.
111ab5
Convert a0519 (base 11) to base 4.
203321123
Convert 172e26 (base 16) to base 10.
1519142
Convert -7732a (base 12) to base 7.
-1224544
What is 111111010001111 (base 2) in base 10?
32399
Convert -491c93 (base 14) to base 9.
-4633414
-1100101021001 (base 3) to base 10
-716068
Convert 1402010 (base 5) to base 10.
28380
-2534443 (base 8) to base 6
-23021255
Convert -21c19 (base 13) to base 3.
-10010011221
What is -210472 (base 8) in base 10?
-69946
What is 178555 (base 12) in base 2?
1100011110000010001
What is 10010100200 (base 3) in base 10?
61497
What is 2597314 (base 10) in base 5?
1131103224
Convert -200546366 (base 7) to base 16.
-b16416
321353 (base 7) to base 16
d9c7
Convert -110101000001100111001 (base 2) to base 3.
-10021021102221
Convert 1396575 (base 10) to base 5.
324142300
What is -22211101002211 (base 3) in base 12?
-16a3294
Convert -558318 (base 12) to base 7.
-14402120
-3302588 (base 10) to base 13
-8b82c3
What is -978cc (base 15) in base 6?
-14151550
Convert -111234234 (base 5) to base 3.
-221001100211
Convert 4a7c4f (base 16) to base 12.
1774b27
What is -1b8435 (base 15) in base 4?
-11020023020
What is 15624227 (base 8) in base 7?
42503661
-1313112312 (base 4) to base 3
-220211121220
Convert 57478 (base 11) to base 2.
10100010010010011
Convert 1da21 (base 16) to base 13.
43329
Convert -273557 (base 8) to base 12.
-47753
What is 190cd9 (base 14) in base 7?
10350262
Convert 3073bc (base 13) to base 16.
113dc0
What is -522441 (base 9) in base 12?
-12b60a
What is 1526755 (base 10) in base 14?
2ba57d
What is b353 (base 13) in base 5?
1242432
Convert 88906 (base 10) to base 3.
11111221211
What is -21300033130 (base 4) in base 14?
-4a7b52
Convert -2140444134 (base 5) to base 16.
-469217
2153a5 (base 11) to base 4
1103331010
Convert 3134452 (base 8) to base 14.
179c38
Convert 40186 (base 14) to base 6.
3144510
Convert 1010000111010011011100 (base 2) to base 5.
1134320411
1310132002 (base 4) to base 5
110231213
2300040241 (base 5) to base 6
300521424
Convert 130074 (base 11) to base 8.
620377
Convert -18b89 (base 12) to base 14.
-d2d3
Convert 1525563 (base 9) to base 3.
1120212122010
What is 351963 (base 11) in base 5?
120340342
What is -2011a7 (base 11) in base 5?
-40324141
What is 1ca4506 (base 13) in base 15?
c92bee
Convert -25c4 (base 13) to base 16.
-1517
Convert 22122212210 (base 3) to base 8.
515003
-8710056 (base 9) to base 7
-54464325
Convert -7801942 (base 11) to base 16.
-d0eb99
-1354033550 (base 6) to base 9
-34384453
345002 (base 6) to base 14
aadc
Convert 25606034 (base 7) to base 2.
1000111010110111010000
-770790 (base 10) to base 15
-1035b0
Convert 6c2368 (base 14) to base 12.
12a1960
What is 2230003230 (base 4) in base 14?
144b92
Convert 470a8 (base 13) to base 6.
2440425
What is 183754 (base 15) in base 9?
2182337
Convert -101111011001011000000 (base 2) to base 8.
-5731300
21220011112 (base 3) to base 16
25f07
44442220 (base 6) to base 7
14262645
7766180 (base 10) to base 13
17bbb96
What is -1071626 (base 8) in base 15?
-5b68e
Convert -20621 (base 11) to base 9.
-45167
What is -4862c2 (base 13) in base 2?
-110100101101101101010
-100021013 (base 4) to base 10
-66119
-13829c (base 16) to base 8
-4701234
Convert -320200232 (base 4) to base 6.
-4543342
What is -abb0b (base 15) in base 7?
-4432301
Convert 237556 (base 9) to base 4.
202333230
14004003 (base 5) to base 8
423510
Convert 64498 (base 13) to base 16.
2c2db
Convert -1142314331 (base 5) to base 3.
-12002002002022
-11111110101101100 (base 2) to base 8
-376554
-143325021 (base 6) to base 15
-3d8db1
Convert -424401040 (base